 are the prime factors of 39645047?
13, 433, 7043
List the prime factors of 1033899695.
5, 37, 5588647
What are the prime factors of 68858354?
2, 29, 359, 3307
List the prime factors of 7201874176.
2, 7, 37, 59, 263
List the prime factors of 91825497.
3, 10202833
List the prime factors of 70325048.
2, 1831, 4801
What are the prime factors of 1852293802?
2, 926146901
List the prime factors of 3326161309.
3343, 994963
List the prime factors of 31492923.
3, 7, 11, 136333
What are the prime factors of 861983271?
3, 179, 535061
List the prime factors of 1048509053.
19, 61, 904667
What are the prime factors of 56607616?
2, 13, 34019
What are the prime factors of 1364310817?
109, 12516613
List the prime factors of 312775767.
3, 1697, 20479
What are the prime factors of 352283076?
2, 3, 9785641
List the prime factors of 46226744.
2, 701, 8243
What are the prime factors of 83031595?
5, 101, 164419
List the prime factors of 205523687.
83, 2476189
List the prime factors of 859902.
2, 3, 19, 397
List the prime factors of 58433513.
58433513
List the prime factors of 1942107391.
7, 109, 2545357
What are the prime factors of 1429308936?
2, 3, 11, 211, 2851
List the prime factors of 1355895.
3, 5, 29, 1039
What are the prime factors of 240695000?
2, 5, 7, 13, 23
List the prime factors of 672070000.
2, 5, 7, 9601
What are the prime factors of 291275784?
2, 3, 163, 8273
List the prime factors of 27294692.
2, 2549, 2677
What are the prime factors of 73252584?
2, 3, 127, 8011
List the prime factors of 752958366.
2, 3, 409, 306829
What are the prime factors of 275582006?
2, 7, 1997, 9857
List the prime factors of 1028315766.
2, 3, 37, 4632053
What are the prime factors of 807752300?
2, 5, 73, 110651
List the prime factors of 116885573.
7, 29, 575791
List the prime factors of 778604838.
2, 3, 11, 19, 37, 97, 173
List the prime factors of 83171766.
2, 3, 467, 29683
List the prime factors of 429353112.
2, 3, 17889713
List the prime factors of 296636906.
2, 148318453
List the prime factors of 351454776.
2, 3, 3169, 4621
List the prime factors of 607092520.
2, 5, 15177313
List the prime factors of 46232016.
2, 3, 19, 163, 311
List the prime factors of 197209562.
2, 11, 1381, 6491
List the prime factors of 1351858570.
2, 5, 135185857
What are the prime factors of 91505949?
3, 30501983
What are the prime factors of 1141009620?
2, 3, 5, 2843, 6689
List the prime factors of 94599863.
94599863
List the prime factors of 43940968.
2, 5492621
List the prime factors of 74396236.
2, 18599059
List the prime factors of 266304214.
2, 11, 181, 66877
List the prime factors of 13490256.
2, 3, 13, 1663
What are the prime factors of 1304870617?
1304870617
List the prime factors of 6497782064.
2, 1709, 237631
What are the prime factors of 590658466?
2, 67, 619, 7121
What are the prime factors of 43762063?
17, 2574239
What are the prime factors of 3925484632?
2, 167, 2938237
What are the prime factors of 172131493?
172131493
List the prime factors of 46503653.
7, 17, 593, 659
What are the prime factors of 409930323?
3, 11, 12422131
What are the prime factors of 236130871?
137, 1723583
What are the prime factors of 95716137?
3, 11, 17, 61, 2797
What are the prime factors of 407161599?
3, 13, 10440041
List the prime factors of 244714942.
2, 1873, 65327
What are the prime factors of 348036281?
19, 43, 313, 1361
List the prime factors of 33316388.
2, 7, 1189871
List the prime factors of 326745758.
2, 163372879
What are the prime factors of 796938802?
2, 11, 2333, 15527
List the prime factors of 59169250.
2, 5, 7, 33811
List the prime factors of 361952570.
2, 5, 7, 5170751
What are the prime factors of 32284329?
3, 7, 11, 139759
List the prime factors of 1940466422.
2, 53, 1009, 18143
What are the prime factors of 14822455?
5, 2964491
What are the prime factors of 45653062?
2, 7, 13, 250841
List the prime factors of 436714878.
2, 3, 379, 192047
What are the prime factors of 534100727?
41, 1237, 10531
What are the prime factors of 313561367?
7, 44794481
List the prime factors of 106532271.
3, 11836919
List the prime factors of 343793815.
5, 41, 43, 907
List the prime factors of 274012582.
2, 137006291
List the prime factors of 4492153269.
3, 59, 2819933
What are the prime factors of 291130432?
2, 167, 27239
What are the prime factors of 115518383?
17, 6795199
What are the prime factors of 3003525680?
2, 5, 37544071
List the prime factors of 826445390.
2, 5, 3001, 27539
List the prime factors of 1105882311.
3, 4273, 86269
List the prime factors of 30461796.
2, 3, 846161
List the prime factors of 89954368.
2, 7, 199, 1009
List the prime factors of 446050751.
2557, 174443
What are the prime factors of 249498687?
3, 23, 29, 67, 1861
List the prime factors of 1114740345.
3, 5, 74316023
What are the prime factors of 24020344?
2, 523, 5741
List the prime factors of 455917097.
1997, 228301
What are the prime factors of 1100896802?
2, 1667, 330203
List the prime factors of 37312950.
2, 3, 5, 248753
What are the prime factors of 8857221?
3, 17, 173671
List the prime factors of 168854527.
61, 101, 27407
List the prime factors of 249681422.
2, 23, 5427857
List the prime factors of 33277005.
3, 5, 389, 1901
List the prime factors of 10347689.
11, 103, 9133
List the prime factors of 84906467.
43, 1974569
List the prime factors of 32094240.
2, 3, 5, 66863
List the prime factors of 159164031.
3, 13, 313933
What are the prime factors of 263185843?
43, 59, 227, 457
What are the prime factors of 784889266?
2, 7, 787, 71237
List the prime factors of 977880822.
2, 3, 162980137
List the prime factors of 15970023.
3, 1774447
List the prime factors of 44101807.
137, 321911
What are the prime factors of 1037472?
2, 3, 101, 107
What are the prime factors of 102048110?
2, 5, 17, 600283
What are the prime factors of 3153767354?
2, 1576883677
List the prime factors of 115159748.
2, 11, 2617267
List the prime factors of 3908072496.
2, 3, 81418177
What are the prime factors of 5226113010?
2, 3, 5, 3217, 54151
List the prime factors of 916098501.
3, 389, 785003
List the prime factors of 287829864.
2, 3, 7, 79, 7229
List the prime factors of 24525704.
2, 7, 437959
What are the prime factors of 90682665?
3, 5, 1511, 4001
What are the prime factors of 3506849?
19, 184571
List the prime factors of 664669881.
3, 2735267
What are the prime factors of 138228828?
2, 3, 79, 139, 1049
List the prime factors of 27156665.
5, 883, 6151
List the prime factors of 76192400.
2, 5, 67, 2843
List the prime factors of 45977416.
2, 19, 302483
What are the prime factors of 213613856?
2, 6675433
List the prime factors of 1017065903.
7, 20756447
What are the prime factors of 33713678?
2, 31, 543769
List the prime factors of 49156955.
5, 43, 228637
List the prime factors of 310137032.
2, 38767129
What are the prime factors of 52944576?
2, 3, 313, 881
What are the prime factors of 367929307?
79, 173, 26921
List the prime factors of 88501970.
2, 5, 8850197
List the prime factors of 890246580.
2, 3, 5, 367, 40429
What are the prime factors of 1015717401?
3, 73, 57259
What are the prime factors of 940744256?
2, 2447, 6007
What are the prime factors of 6767419314?
2, 3, 1447, 779477
What are the prime factors of 716105291?
11, 61, 1067221
What are the prime factors of 6349369?
13, 503, 971
What are the prime factors of 77972201?
41, 43, 47, 941
List the prime factors of 1446574100.
2, 5, 173, 83617
What are the prime factors of 31072855?
5, 11, 17, 167, 199
What are the prime factors of 6281297382?
2, 3, 137, 1019, 7499
What are the prime factors of 95264555?
5, 293, 65027
What are the prime factors of 52772536?
2, 191, 34537
List the prime factors of 144770795.
5, 13, 41, 54323
What are the prime factors of 918800976?
2, 3, 2803, 6829
List the prime factors of 23428655.
5, 4685731
What are the prime factors of 38176884?
2, 3, 1060469
List the prime factors of 1894128557.
71, 26677867
List the prime factors of 105022619.
13, 8078663
What are the prime factors of 212261107?
8461, 25087
What are the prime factors of 31469900?
2, 5, 7, 11, 61, 67
List the prime factors of 102313633.
17, 163, 36923
List the prime factors of 120279204.
2, 3, 47, 67, 1061
List the prime factors of 95734671.
3, 23, 1163, 1193
List the prime factors of 489535155.
3, 5, 89, 1